multiple of 56?
False
Is 222 a multiple of 6?
True
Does 8 divide 6144?
True
Does 101 divide 4242?
True
Is 42714 a multiple of 189?
True
Is 1344 a multiple of 64?
True
Is 19 a factor of 171?
True
Is 119520 a multiple of 8?
True
Is 23886 a multiple of 114?
False
Does 14 divide 70?
True
Does 38 divide 304?
True
Does 85 divide 2635?
True
Is 1180 a multiple of 10?
True
Is 560 a multiple of 28?
True
Does 13 divide 66996?
False
Is 39 a factor of 39?
True
Is 46945 a multiple of 41?
True
Is 3740 a multiple of 20?
True
Does 39 divide 1365?
True
Is 11445 a multiple of 109?
True
Does 5 divide 13235?
True
Is 8547 a multiple of 137?
False
Does 8 divide 2184?
True
Does 9 divide 2071?
False
Does 6 divide 11384?
False
Does 68 divide 3199?
False
Is 12042 a multiple of 223?
True
Is 120 a factor of 11400?
True
Is 1540 a multiple of 44?
True
Does 21 divide 252?
True
Is 15 a factor of 12735?
True
Is 45 a factor of 2520?
True
Is 25 a factor of 149?
False
Does 36 divide 396?
True
Is 3 a factor of 31?
False
Does 26 divide 4384?
False
Is 50 a factor of 4600?
True
Does 28 divide 14046?
False
Is 698 a multiple of 7?
False
Is 24 a factor of 38088?
True
Does 17 divide 680?
True
Does 10 divide 9962?
False
Is 23 a factor of 3918?
False
Is 13424 a multiple of 31?
False
Is 21 a factor of 210?
True
Does 10 divide 441?
False
Does 13 divide 12996?
False
Does 22 divide 326?
False
Is 23237 a multiple of 14?
False
Does 17 divide 883?
False
Is 2 a factor of 222?
True
Is 92976 a multiple of 24?
True
Is 3 a factor of 251?
False
Is 506 a multiple of 13?
False
Is 63 a factor of 50589?
True
Is 16 a factor of 16?
True
Is 18 a factor of 522?
True
Does 2 divide 1477?
False
Is 25 a factor of 247?
False
Is 1457 a multiple of 59?
False
Is 3515 a multiple of 13?
False
Is 400 a multiple of 25?
True
Is 20 a factor of 727?
False
Is 561 a multiple of 3?
True
Is 9222 a multiple of 10?
False
Is 195 a factor of 3510?
True
Does 2 divide 738?
True
Does 7 divide 6902?
True
Does 283 divide 82919?
True
Does 3 divide 685?
False
Is 7 a factor of 165?
False
Is 545 even?
False
Does 171 divide 26927?
False
Does 2 divide 728?
True
Does 33 divide 970?
False
Is 196 a factor of 1829?
False
Does 3 divide 547?
False
Does 40 divide 19320?
True
Does 69 divide 527?
False
Is 394 a multiple of 20?
False
Is 1380 a multiple of 5?
True
Is 29 a factor of 3836?
False
Is 26 a factor of 1248?
True
Is 32800 a multiple of 25?
True
Is 966 a multiple of 21?
True
Is 4947 a multiple of 212?
False
Does 6 divide 323?
False
Is 2256 a multiple of 12?
True
Is 186 a factor of 15148?
False
Is 224 a multiple of 2?
True
Does 14 divide 5000?
False
Is 3 a factor of 183?
True
Does 173 divide 66951?
True
Does 19 divide 49210?
True
Is 2897 a multiple of 4?
False
Is 17 a factor of 4884?
False
Is 4704 a multiple of 18?
False
Is 29 a factor of 602?
False
Does 10 divide 310?
True
Does 9 divide 315?
True
Is 10 a factor of 34948?
False
Does 6 divide 24?
True
Does 16 divide 1216?
True
Is 1298 a multiple of 66?
False
Is 735 a multiple of 5?
True
Is 215 a multiple of 43?
True
Is 10427 a multiple of 11?
False
Is 2262 a multiple of 39?
True
Is 3 a factor of 78?
True
Is 285 a multiple of 14?
False
Is 4 a factor of 4568?
True
Is 8700 a multiple of 41?
False
Does 11 divide 5938?
False
Is 2915 a multiple of 145?
False
Does 23 divide 1587?
True
Is 509 a multiple of 5?
False
Is 12 a multiple of 6?
True
Does 171 divide 14193?
True
Is 82 a factor of 18910?
False
Does 13 divide 2041?
True
Is 399 a multiple of 7?
True
Is 54296 a multiple of 19?
False
Is 51 a factor of 30243?
True
Does 14 divide 59696?
True
Is 219 a factor of 45771?
True
Is 7 a factor of 5447?
False
Is 24 a factor of 1176?
True
Is 7609 a multiple of 2?
False
Is 21 a factor of 2887?
False
Is 3885 a multiple of 21?
True
Is 75 a factor of 4050?
True
Is 21 a factor of 1543?
False
Is 97427 a multiple of 17?
True
Is 46 a factor of 877?
False
Is 349 a multiple of 3?
False
Is 66 a factor of 8118?
True
Does 14 divide 27188?
True
Is 10 a factor of 28093?
False
Is 642 a multiple of 11?
False
Is 12 a factor of 122112?
True
Is 129 a factor of 3457?
False
Is 2 a factor of 39?
False
Is 1440 a multiple of 60?
True
Does 97 divide 4350?
False
Does 13 divide 3738?
False
Does 114 divide 4528?
False
Does 10 divide 2860?
True
Is 12 a factor of 3312?
True
Is 1139 a multiple of 23?
False
Is 13 a factor of 60297?
False
Does 7 divide 1091?
False
Does 10 divide 1924?
False
Is 35950 a multiple of 181?
False
Is 4 a factor of 1295?
False
Does 41 divide 533?
True
Does 6 divide 20395?
False
Is 270 a multiple of 30?
True
Is 942 a multiple of 6?
True
Is 6042 a multiple of 87?
False
Is 104 a factor of 10370?
False
Is 5199 a multiple of 12?
False
Is 316 a multiple of 81?
False
Does 2 divide 50?
True
Is 113 a multiple of 5?
False
Is 92 a factor of 1389?
False
Does 13 divide 2378?
False
Is 13 a factor of 11823?
False
Is 12863 a multiple of 19?
True
Does 14 divide 13818?
True
Does 14 divide 728?
True
Is 20 a factor of 13441?
False
Does 16 divide 272?
True
Is 11 a factor of 2563?
True
Is 393 a multiple of 11?
False
Is 74 a factor of 5476?
True
Is 24 a factor of 54?
False
Is 73 a factor of 5621?
True
Is 51 a factor of 3638?
False
Is 3138 a multiple of 3?
True
Does 121 divide 26268?
False
Does 29 divide 1479?
True
Does 35 divide 3143?
False
Is 2692 a multiple of 15?
False
Is 7 a factor of 3794?
True
Is 31 a factor of 961?
True
Is 21 a factor of 63904?
False
Is 189 even?
False
Is 4183 a multiple of 111?
False
Is 4222 even?
True
Is 18 a factor of 206?
False
Is 15 a factor of 5116?
False
Is 57 a factor of 3701?
False
Does 44 divide 12276?
True
Is 12 a factor of 5525?
False
Does 17 divide 2210?
True
Is 15 a factor of 1590?
True
Does 32 divide 1014?
False
Is 6 a factor of 5228?
False
Does 8 divide 913?
False
Is 2068 a multiple of 47?
True
Is 10 a factor of 9864?
False
Does 2 divide 1065?
False
Does 295 divide 2056?
False
Does 10 divide 17689?
False
Is 78 a factor of 7473?
False
Is 15322 a multiple of 20?
False
Is 24 a factor of 528?
True
Is 10 a factor of 1880?
True
Is 93 a multiple of 31?
True
Is 6 a factor of 16?
False
Is 11 a factor of 1067?
True
Is 17 a factor of 16592?
True
Does 2 divide 14850?
True
Is 10 a factor of 27?
False
Does 6 divide 6140?
False
Does 24 divide 1189?
False
Is 23 a factor of 5773?
True
Is 3962 a multiple of 4?
False
Is 8 a factor of 560?
True
Is 756 a multiple of 36?
True
Is 7537 a multiple of 14?
False
Is 4 a factor of 56?
True
Is 3 a factor of 846?
True
Is 2907 a multiple of 25?
False
Does 4 divide 732?
True
Is 58 a factor of 58193?
False
Does 3 divide 66?
True
Does 2 divide 215?
False
Does 9 divide 30235?
False
Does 34 divide 1088?
True
Is 38 a factor of 1710?
True
Is 42 a factor of 11592?
True
Is 7 a factor of 980?
True
Is 5154 a multiple of 3?
True
Is 24 a factor of 636?
False
Is 38 a factor of 58925?
False
Is 17 a factor of 1207?
True
Does 6 divide 787?
False
Does 10 divide 230?
True
Is 1106 a multiple of 9?
False
Is 3273 a multiple of 5?
False
Does 25 divide 1011?
False
Is 734 a multiple of 50?
False
Does 17 divide 2040?
True
Is 618 a multiple of 55?
False
Is 665 a multiple of 7?
True
Is 31159 a multiple of 9?
False
Is 3720 a multiple of 24?
True
Is 51 a factor of 40545?
True
Is 71 a factor of 13250?
False
Is 3 a factor of 84?
True
Does 4 divide 793?
False
Is 15 a factor of 270?
True
Does 47 divide 4324?
True
Is 10437 a multiple of 22?
False
Does 9 divide 189?
True
Is 110 a multiple of 5?
True
Is 3420 a multiple of 10?
True
Is 2803 a multiple of 15?
False
Is 11808 a multiple of 32?
True
Is 3060 a multiple of 5?
True
Does 49 divide 30390?
False
Is 776 a multiple of 8?
True
Does 37 divide 2997?
True
Is 11 a factor of 194?
False
Does 41 divide 41?
True
Is 173 a factor of 30967?
True
Is 411 a multiple of 2?
False
Is 8118 a multiple of 41?
True
Does 12 divide 33108?
True
Is 104 a factor of 14389?
False
Does 13 divide 27313?
True
Is 3 a factor of 442?
False
Does 33 divide 5148?
True
Does 13 divide 195?
True
Is 135 a factor of 1485?
True
Does 32 divide 2240?
True
Is 101 a multiple of 101?
True
Is 64 a factor of 384?
True
Is 3 a factor of 3391?
False
Does 85 divide 10526?
False
Is 262 a factor of 12663?
False
Is 14 a factor of 5885?
False
Does 350 divide 44800?
True
Is 12 a factor of 300?
True
Does 4 divide 2302?
False
